of 509793?
3, 109, 1559
List the prime factors of 92793.
3, 30931
List the prime factors of 451958.
2, 13, 17383
What are the prime factors of 375074?
2, 7, 73, 367
List the prime factors of 293637.
3, 97879
What are the prime factors of 626475?
3, 5, 8353
List the prime factors of 286905.
3, 5, 31, 617
List the prime factors of 105081.
3, 35027
What are the prime factors of 1673827?
1673827
List the prime factors of 16687932.
2, 3, 419, 3319
List the prime factors of 973796.
2, 137, 1777
What are the prime factors of 27166331?
27166331
List the prime factors of 7245463.
197, 36779
List the prime factors of 929565.
3, 5, 7, 13, 227
List the prime factors of 10338295.
5, 11, 17, 11057
What are the prime factors of 974530?
2, 5, 97453
What are the prime factors of 1714078?
2, 857039
What are the prime factors of 1843479?
3, 11, 2069
List the prime factors of 25822032.
2, 3, 61, 8819
List the prime factors of 131958.
2, 3, 7331
What are the prime factors of 3375?
3, 5
List the prime factors of 2809652.
2, 702413
What are the prime factors of 2423944?
2, 19, 37, 431
What are the prime factors of 5682244?
2, 1420561
List the prime factors of 14314.
2, 17, 421
What are the prime factors of 45619?
7, 19
What are the prime factors of 5661887?
7, 11, 23, 139
List the prime factors of 8443668.
2, 3, 23, 30593
List the prime factors of 744442.
2, 449, 829
List the prime factors of 4774871.
19, 47, 5347
List the prime factors of 11858006.
2, 47, 101, 1249
List the prime factors of 2137553.
11, 194323
List the prime factors of 81790.
2, 5, 8179
List the prime factors of 5423623.
5423623
List the prime factors of 4262949.
3, 53, 331
List the prime factors of 5008339.
7, 43, 2377
List the prime factors of 53756.
2, 89, 151
What are the prime factors of 206072?
2, 25759
List the prime factors of 313577.
11, 29, 983
List the prime factors of 203086.
2, 13, 73, 107
What are the prime factors of 80990?
2, 5, 7, 13, 89
What are the prime factors of 964182?
2, 3, 160697
List the prime factors of 305229.
3, 71, 1433
List the prime factors of 222429.
3, 74143
What are the prime factors of 178020?
2, 3, 5, 23, 43
What are the prime factors of 875510?
2, 5, 29, 3019
What are the prime factors of 21084942?
2, 3, 79, 44483
What are the prime factors of 8522729?
17, 43, 89, 131
What are the prime factors of 114050?
2, 5, 2281
What are the prime factors of 1182183?
3, 59, 6679
What are the prime factors of 5263091?
271, 19421
What are the prime factors of 236261?
236261
What are the prime factors of 3362163?
3, 7, 23, 6961
What are the prime factors of 516929?
7, 73847
What are the prime factors of 436632?
2, 3, 7, 23, 113
What are the prime factors of 4254316?
2, 11, 31, 3119
List the prime factors of 20248049.
103, 196583
What are the prime factors of 908077?
29, 173, 181
List the prime factors of 1439173.
61, 23593
List the prime factors of 208787.
208787
What are the prime factors of 1115282?
2, 7, 29, 41, 67
What are the prime factors of 1721520?
2, 3, 5, 797
List the prime factors of 25354551.
3, 8451517
List the prime factors of 12340568.
2, 1542571
List the prime factors of 348313.
7, 17, 2927
What are the prime factors of 6839884?
2, 1709971
What are the prime factors of 27589?
47, 587
What are the prime factors of 651825?
3, 5, 2897
List the prime factors of 985746.
2, 3, 164291
What are the prime factors of 861500?
2, 5, 1723
What are the prime factors of 2938086?
2, 3, 54409
List the prime factors of 19562439.
3, 13, 501601
What are the prime factors of 167804?
2, 7, 13, 461
List the prime factors of 360884.
2, 83, 1087
What are the prime factors of 2419722?
2, 3, 179, 751
What are the prime factors of 181118?
2, 7, 17, 761
List the prime factors of 398290.
2, 5, 39829
List the prime factors of 17459160.
2, 3, 5, 29, 173
List the prime factors of 204999.
3, 23, 2971
List the prime factors of 1052713.
229, 4597
What are the prime factors of 192306?
2, 3, 32051
What are the prime factors of 259057?
29, 8933
List the prime factors of 1320444.
2, 3, 43, 853
List the prime factors of 1196415.
3, 5, 11, 2417
What are the prime factors of 282569?
7, 37, 1091
What are the prime factors of 514091?
67, 7673
What are the prime factors of 12943893?
3, 89, 48479
What are the prime factors of 363513?
3, 121171
List the prime factors of 7033211.
19, 370169
What are the prime factors of 639371?
639371
List the prime factors of 15048794.
2, 7524397
List the prime factors of 1839570.
2, 3, 5, 17, 3607
What are the prime factors of 2583033?
3, 227, 3793
List the prime factors of 1787617.
13, 199, 691
What are the prime factors of 15349?
15349
List the prime factors of 958911.
3, 19, 16823
What are the prime factors of 112977?
3, 12553
List the prime factors of 5868178.
2, 73, 40193
List the prime factors of 702117.
3, 13, 17, 353
List the prime factors of 2602338.
2, 3, 433723
List the prime factors of 17369684.
2, 233, 18637
What are the prime factors of 156205?
5, 7, 4463
What are the prime factors of 7745370?
2, 3, 5, 17, 15187
List the prime factors of 5461184.
2, 85331
List the prime factors of 9889257.
3, 7, 17, 27701
What are the prime factors of 5341544?
2, 13, 51361
What are the prime factors of 9495338?
2, 4747669
List the prime factors of 6832675.
5, 337, 811
What are the prime factors of 1466261?
1466261
What are the prime factors of 317284?
2, 11, 7211
List the prime factors of 860476.
2, 23, 47, 199
What are the prime factors of 2419691?
79, 109, 281
List the prime factors of 338739.
3, 112913
List the prime factors of 183107.
17, 10771
List the prime factors of 5269982.
2, 2634991
What are the prime factors of 6865937?
13, 23, 22963
List the prime factors of 112464.
2, 3, 11, 71
What are the prime factors of 84791?
7, 12113
What are the prime factors of 1507212?
2, 3, 7, 5981
List the prime factors of 4775187.
3, 1591729
List the prime factors of 48955.
5, 9791
List the prime factors of 100161.
3, 31, 359
List the prime factors of 136581.
3, 53, 859
What are the prime factors of 580050?
2, 3, 5, 1289
What are the prime factors of 354091?
354091
What are the prime factors of 2462299?
7, 31, 1621
What are the prime factors of 14809?
59, 251
List the prime factors of 610186.
2, 305093
List the prime factors of 250866.
2, 3, 7, 11, 181
What are the prime factors of 9373844?
2, 29, 80809
List the prime factors of 941266.
2, 197, 2389
List the prime factors of 322251.
3, 163, 659
List the prime factors of 2161504.
2, 67547
List the prime factors of 1462673.
29, 31, 1627
What are the prime factors of 3035487?
3, 7, 13, 11119
List the prime factors of 1315785.
3, 5, 87719
List the prime factors of 7331635.
5, 29, 59, 857
What are the prime factors of 36457?
36457
List the prime factors of 355198.
2, 17, 31, 337
List the prime factors of 218661.
3, 23, 3169
List the prime factors of 99766.
2, 83, 601
What are the prime factors of 7347503?
7347503
What are the prime factors of 12442464?
2, 3, 14401
List the prime factors of 196697.
239, 823
List the prime factors of 169537.
19, 8923
List the prime factors of 632149.
7, 19, 97
What are the prime factors of 553177?
101, 5477
What are the prime factors of 149306?
2, 74653
List the prime factors of 464458.
2, 263, 883
List the prime factors of 1716578.
2, 37, 23197
What are the prime factors of 152595?
3, 5, 3391
What are the prime factors of 9140686?
2, 673, 6791
List the prime factors of 233163.
3, 7, 3701
List the prime factors of 1630823.
761, 2143
What are the prime factors of 4726588?
2, 1181647
List the prime factors of 3549584.
2, 221849
List the prime factors of 11311005.
3, 5, 754067
List the prime factors of 499616.
2, 13, 1201
List the prime factors of 584846.
2, 31, 9433
List the prime factors of 1081450.
2, 5, 43, 503
List the prime factors of 5005876.
2, 47, 26627
List the prime factors of 130968.
2, 3, 17, 107
What are the prime factors of 96801?
3, 41, 787
List the prime factors of 17670964.
2, 73, 829
What are the prime factors of 18320509?
17, 1077677
What are the prime factors of 425455?
5, 85091
What are the prime factors of 55157?
19, 2903
List the prime factors of 7200399.
3, 233, 10301
What are the prime factors of 881842?
2, 13, 2609
What are the prime factors of 7761327?
3, 7, 23, 16069
List the p